are the prime factors of 1510?
2, 5, 151
List the prime factors of 30959.
83, 373
List the prime factors of 129191.
23, 41, 137
List the prime factors of 14530.
2, 5, 1453
List the prime factors of 581.
7, 83
List the prime factors of 1786.
2, 19, 47
What are the prime factors of 2189?
11, 199
What are the prime factors of 4387?
41, 107
What are the prime factors of 6163?
6163
List the prime factors of 730.
2, 5, 73
What are the prime factors of 4592?
2, 7, 41
List the prime factors of 1911.
3, 7, 13
List the prime factors of 3959.
37, 107
List the prime factors of 57245.
5, 107
List the prime factors of 737.
11, 67
What are the prime factors of 8284?
2, 19, 109
What are the prime factors of 15387?
3, 23, 223
List the prime factors of 105973.
7, 15139
List the prime factors of 10240.
2, 5
List the prime factors of 68093.
149, 457
List the prime factors of 2068.
2, 11, 47
List the prime factors of 7257.
3, 41, 59
What are the prime factors of 507?
3, 13
List the prime factors of 20731.
20731
What are the prime factors of 937?
937
What are the prime factors of 857?
857
List the prime factors of 7503.
3, 41, 61
List the prime factors of 1388.
2, 347
What are the prime factors of 72454?
2, 17, 2131
List the prime factors of 50.
2, 5
List the prime factors of 1370.
2, 5, 137
List the prime factors of 44869.
11, 4079
What are the prime factors of 154453?
13, 109
What are the prime factors of 1100?
2, 5, 11
List the prime factors of 12689.
12689
List the prime factors of 20994.
2, 3, 3499
List the prime factors of 3159.
3, 13
List the prime factors of 4887.
3, 181
List the prime factors of 190.
2, 5, 19
List the prime factors of 1430.
2, 5, 11, 13
What are the prime factors of 9817?
9817
What are the prime factors of 14040?
2, 3, 5, 13
What are the prime factors of 2803?
2803
What are the prime factors of 465?
3, 5, 31
What are the prime factors of 4792?
2, 599
List the prime factors of 12510.
2, 3, 5, 139
List the prime factors of 8824.
2, 1103
List the prime factors of 1097.
1097
What are the prime factors of 1326?
2, 3, 13, 17
What are the prime factors of 657?
3, 73
List the prime factors of 14052.
2, 3, 1171
What are the prime factors of 10809?
3, 1201
List the prime factors of 123737.
123737
What are the prime factors of 31131?
3, 1153
List the prime factors of 4545.
3, 5, 101
List the prime factors of 2070.
2, 3, 5, 23
List the prime factors of 29797.
83, 359
What are the prime factors of 47443?
11, 19, 227
What are the prime factors of 2567?
17, 151
List the prime factors of 3345.
3, 5, 223
List the prime factors of 4977.
3, 7, 79
What are the prime factors of 3879?
3, 431
What are the prime factors of 279?
3, 31
What are the prime factors of 8450?
2, 5, 13
What are the prime factors of 13776?
2, 3, 7, 41
What are the prime factors of 8236?
2, 29, 71
What are the prime factors of 22597?
59, 383
List the prime factors of 5353.
53, 101
What are the prime factors of 3063?
3, 1021
List the prime factors of 9844.
2, 23, 107
List the prime factors of 5111.
19, 269
What are the prime factors of 867?
3, 17
What are the prime factors of 15959?
15959
What are the prime factors of 1568?
2, 7
What are the prime factors of 3262?
2, 7, 233
What are the prime factors of 15853?
83, 191
List the prime factors of 19811.
11, 1801
List the prime factors of 3862.
2, 1931
List the prime factors of 4468.
2, 1117
List the prime factors of 179.
179
What are the prime factors of 7671?
3, 2557
What are the prime factors of 13791?
3, 4597
What are the prime factors of 37970?
2, 5, 3797
List the prime factors of 1433.
1433
What are the prime factors of 1187?
1187
List the prime factors of 2282.
2, 7, 163
List the prime factors of 85190.
2, 5, 7, 1217
What are the prime factors of 1412?
2, 353
List the prime factors of 57109.
13, 23, 191
What are the prime factors of 468?
2, 3, 13
List the prime factors of 241.
241
List the prime factors of 434.
2, 7, 31
List the prime factors of 3561.
3, 1187
What are the prime factors of 10960?
2, 5, 137
What are the prime factors of 3189?
3, 1063
List the prime factors of 22917.
3, 7639
List the prime factors of 169318.
2, 84659
List the prime factors of 1651.
13, 127
What are the prime factors of 3890?
2, 5, 389
List the prime factors of 4099.
4099
What are the prime factors of 141649?
141649
What are the prime factors of 1210?
2, 5, 11
What are the prime factors of 10315?
5, 2063
What are the prime factors of 6149?
11, 13, 43
List the prime factors of 94569.
3, 29, 1087
What are the prime factors of 28779?
3, 53, 181
What are the prime factors of 783?
3, 29
What are the prime factors of 168093?
3, 19, 983
List the prime factors of 17646.
2, 3, 17, 173
What are the prime factors of 5443?
5443
What are the prime factors of 6527?
61, 107
List the prime factors of 3967.
3967
What are the prime factors of 45897?
3, 15299
What are the prime factors of 1835?
5, 367
What are the prime factors of 18?
2, 3
What are the prime factors of 579?
3, 193
What are the prime factors of 15900?
2, 3, 5, 53
What are the prime factors of 903?
3, 7, 43
What are the prime factors of 52353?
3, 7, 277
What are the prime factors of 62?
2, 31
List the prime factors of 51194.
2, 11, 13, 179
List the prime factors of 55275.
3, 5, 11, 67
What are the prime factors of 132083?
7, 18869
List the prime factors of 10458.
2, 3, 7, 83
List the prime factors of 102.
2, 3, 17
What are the prime factors of 12142?
2, 13, 467
What are the prime factors of 9645?
3, 5, 643
What are the prime factors of 119006?
2, 157, 379
List the prime factors of 12218.
2, 41, 149
What are the prime factors of 14727?
3, 4909
What are the prime factors of 133?
7, 19
List the prime factors of 8986.
2, 4493
What are the prime factors of 3046?
2, 1523
List the prime factors of 3642.
2, 3, 607
What are the prime factors of 6723?
3, 83
What are the prime factors of 23502?
2, 3, 3917
What are the prime factors of 505?
5, 101
List the prime factors of 2412.
2, 3, 67
What are the prime factors of 12000?
2, 3, 5
List the prime factors of 1824.
2, 3, 19
What are the prime factors of 22059?
3, 19, 43
What are the prime factors of 489?
3, 163
What are the prime factors of 11562?
2, 3, 41, 47
List the prime factors of 50092.
2, 7, 1789
What are the prime factors of 819?
3, 7, 13
List the prime factors of 704.
2, 11
List the prime factors of 142.
2, 71
What are the prime factors of 13135?
5, 37, 71
What are the prime factors of 114142?
2, 7, 31, 263
What are the prime factors of 16635?
3, 5, 1109
What are the prime factors of 7908?
2, 3, 659
List the prime factors of 7390.
2, 5, 739
List the prime factors of 2131.
2131
What are the prime factors of 5320?
2, 5, 7, 19
List the prime factors of 3698.
2, 43
List the prime factors of 633.
3, 211
What are the prime factors of 555?
3, 5, 37
List the prime factors of 29277.
3, 3253
What are the prime factors of 7912?
2, 23, 43
List the prime factors of 32900.
2, 5, 7, 47
What are the prime factors of 5722?
2, 2861
What are the prime factors of 36354?
2, 3, 73, 83
What are the prime factors of 3354?
2, 3, 13, 43
List the prime factors of 99396.
2, 3, 11, 251
What are the prime factors of 1035?
3, 5, 23
List the prime factors of 17594.
2, 19, 463
List the prime factors of 793.
13, 61
What are the prime factors of 23019?
3, 7673
List the prime factors of 23615.
5, 4723
What are the prime factors of 3091?
11, 281
What are the prime factors of 70948?
2, 17737
List the prime factors of 5062.
2, 2531
List the prime factors of 3991.
13, 307
What are the prime factors of 73499?
67, 1097
What are the prime factors of 3666?
2, 3, 13, 47
What are the prime factors of 1912?
2, 239
List the prime factors of 667.
23, 29
List the prime factors of 175.
5, 7
List the prime factors of 15683.
15683
List the prime factors of 60.
2, 3, 5
List the prime factors of 93370.
2, 5, 9337
List the prime factors of 3948.
2, 3, 7, 47
List the prime factors of 5590.
2, 5, 13, 43
What are the prime factors of 17574?
2, 3, 29, 101
List the prime factors of 7335.
3, 5, 163
List the prime factors of 5499.
3, 13, 47
List the prime factors of 301.
7, 43
What are the prime factors of 374?
2, 11, 17
List the prime factors of 47610.
2, 3, 5, 23
List the prime factors of 527.
17, 31
List the prime factor